{"id":1194,"date":"2022-03-03T15:04:39","date_gmt":"2022-03-03T18:04:39","guid":{"rendered":"https:\/\/catedra.ing.unlp.edu.ar\/medidas\/?page_id=1194"},"modified":"2024-03-06T10:41:42","modified_gmt":"2024-03-06T13:41:42","slug":"unidad-tematica-nro-1","status":"publish","type":"page","link":"https:\/\/catedra.ing.unlp.edu.ar\/medidas\/unidad-tematica-nro-1\/","title":{"rendered":"Unidad Tem\u00e1tica Nro. 1"},"content":{"rendered":"\n<p><a href=\"https:\/\/catedra.ing.unlp.edu.ar\/medidas\/wp-content\/uploads\/2022\/02\/D1-2022-1.pdf\">D1: Conceptos B\u00e1sicos de Medici\u00f3n. Errores.<\/a><\/p>\n\n\n\n<p><a href=\"https:\/\/catedra.ing.unlp.edu.ar\/medidas\/wp-content\/uploads\/2022\/03\/D2-2022-1.pdf\">D2: Instrumentos Anal\u00f3gicos. Lectura de Aparatos Anal\u00f3gicos y Digitales.<\/a><\/p>\n\n\n\n<p><a href=\"https:\/\/catedra.ing.unlp.edu.ar\/medidas\/wp-content\/uploads\/2022\/08\/D3-2022.pdf\">D3: Incertidumbre en las Mediciones.<\/a><\/p>\n\n\n\n<ul class=\"wp-block-list\">\n<li><a href=\"https:\/\/catedra.ing.unlp.edu.ar\/medidas\/wp-content\/uploads\/2022\/03\/D3P_Incertidumbre.pdf\">Introducci\u00f3n a la Incertidumbre en las Mediciones seg\u00fan la Gu\u00eda del Comit\u00e9 Internacional de Pesas y Medidas<\/a><\/li>\n<\/ul>\n\n\n\n<p><a href=\"https:\/\/catedra.ing.unlp.edu.ar\/medidas\/wp-content\/uploads\/2022\/03\/D4-2022-1-1.pdf\">D4: Clasificaci\u00f3n de M\u00e9todos de Medida. M\u00e9todo de Volt\u00edmetro y Amper\u00edmetro.<\/a><\/p>\n\n\n\n<p><a href=\"https:\/\/catedra.ing.unlp.edu.ar\/medidas\/wp-content\/uploads\/2022\/03\/D5-2022-1.pdf\">D5: Caracterizaci\u00f3n de Resistores de Valores Extremos. Puentes.<\/a><\/p>\n\n\n\n<p><a href=\"https:\/\/youtube.com\/playlist?list=PL6E4AddTaIyX4UsddsOli_levJmY2fTTB\">Videos de Cursos Anteriores<\/a><\/p>\n\n\n\n<p><a href=\"https:\/\/catedra.ing.unlp.edu.ar\/medidas\/wp-content\/uploads\/2024\/03\/TP1_2024.pdf\" title=\"\">Gu\u00eda del Trabajo Pr\u00e1ctico Nro. 1<\/a><\/p>\n\n\n\n<p><a href=\"https:\/\/catedra.ing.unlp.edu.ar\/medidas\/wp-content\/uploads\/2022\/03\/TP1_2022-1_Gabinete.pdf\">Gabinete del Trabajo Pr\u00e1ctico Nro. 1<\/a><\/p>\n\n\n\n<p><\/p>\n","protected":false},"excerpt":{"rendered":"<p>D1: Conceptos B\u00e1sicos de Medici\u00f3n. Errores. D2: Instrumentos Anal\u00f3gicos. Lectura de Aparatos Anal\u00f3gicos y Digitales. D3: Incertidumbre en las Mediciones. D4: Clasificaci\u00f3n de M\u00e9todos de Medida. M\u00e9todo de Volt\u00edmetro y Amper\u00edmetro. D5: Caracterizaci\u00f3n de Resistores de Valores Extremos. Puentes. Videos de Cursos Anteriores Gu\u00eda del Trabajo Pr\u00e1ctico Nro. 1 Gabinete [&hellip;]<\/p>\n","protected":false},"author":4,"featured_media":0,"parent":0,"menu_order":0,"comment_status":"closed","ping_status":"closed","template":"","meta":{"_monsterinsights_skip_tracking":false,"_monsterinsights_sitenote_active":false,"_monsterinsights_sitenote_note":"","_monsterinsights_sitenote_category":0,"_themeisle_gutenberg_block_has_review":false,"footnotes":""},"class_list":["post-1194","page","type-page","status-publish","hentry"],"aioseo_notices":[],"_links":{"self":[{"href":"https:\/\/catedra.ing.unlp.edu.ar\/medidas\/wp-json\/wp\/v2\/pages\/1194","targetHints":{"allow":["GET"]}}],"collection":[{"href":"https:\/\/catedra.ing.unlp.edu.ar\/medidas\/wp-json\/wp\/v2\/pages"}],"about":[{"href":"https:\/\/catedra.ing.unlp.edu.ar\/medidas\/wp-json\/wp\/v2\/types\/page"}],"author":[{"embeddable":true,"href":"https:\/\/catedra.ing.unlp.edu.ar\/medidas\/wp-json\/wp\/v2\/users\/4"}],"replies":[{"embeddable":true,"href":"https:\/\/catedra.ing.unlp.edu.ar\/medidas\/wp-json\/wp\/v2\/comments?post=1194"}],"version-history":[{"count":16,"href":"https:\/\/catedra.ing.unlp.edu.ar\/medidas\/wp-json\/wp\/v2\/pages\/1194\/revisions"}],"predecessor-version":[{"id":1672,"href":"https:\/\/catedra.ing.unlp.edu.ar\/medidas\/wp-json\/wp\/v2\/pages\/1194\/revisions\/1672"}],"wp:attachment":[{"href":"https:\/\/catedra.ing.unlp.edu.ar\/medidas\/wp-json\/wp\/v2\/media?parent=1194"}],"curies":[{"name":"wp","href":"https:\/\/api.w.org\/{rel}","templated":true}]}}