{"id":528,"date":"2019-10-23T14:06:45","date_gmt":"2019-10-23T17:06:45","guid":{"rendered":"https:\/\/catedra.ing.unlp.edu.ar\/medidas\/?page_id=528"},"modified":"2025-06-18T15:18:49","modified_gmt":"2025-06-18T18:18:49","slug":"notas","status":"publish","type":"page","link":"https:\/\/catedra.ing.unlp.edu.ar\/medidas\/notas\/","title":{"rendered":"Notas"},"content":{"rendered":"\n<p>Para la consulta de notas ingresar n\u00famero de alumno y comisi\u00f3n.<\/p>\n\n\n\n<script language=\"JavaScript\"><!--\nfunction FrontPage_Form1_Validator(theForm)\n{\n\n  if (theForm.alumno.value == \"\")\n  {\n    alert(\"Escriba un valor para el campo \\\"Nombre y Apellido\\\".\");\n    theForm.alumno.focus();\n    return (false);\n  }\n\n  if (theForm.alumno.value.length < 1)\n  {\n    alert(\"Escriba por lo menos 1 caracteres en el campo \\\"Nombre y Apellido\\\".\");\n    theForm.alumno.focus();\n    return (false);\n  }\n  return (true);\n}\n\/\/--><\/script>\n<form method=\"POST\" action=\"#\" language=\"JavaScript\" onsubmit=\"return FrontPage_Form1_Validator(this)\" name=\"FrontPage_Form1\">\n  <div align=\"center\"><center><p>N\u00famero de alumno: <!--webbot bot=\"Validation\" S-Display-Name=\"Nombre y Apellido\" B-Value-Required=\"TRUE\" I-Minimum-Length=\"1\" --><input type=\"text\" name=\"alumno\" size=\"10\">\n  &nbsp;&nbsp;&nbsp;&nbsp;&nbsp;&nbsp;&nbsp; Comisi\u00f3n: <input type=\"text\" name=\"comision\" size=\"6\"><\/p>\n  <\/center><\/div>\n<div align=\"center\"><center><p><input type=\"submit\" value=\"Consultar notas\" name=\"B1\"><\/p>\n  <\/center><\/div>\n<\/form>\n\n\n\n\n\n\n<p><\/p>\n","protected":false},"excerpt":{"rendered":"<p>Para la consulta de notas ingresar n\u00famero de alumno y comisi\u00f3n. N\u00famero de alumno: &nbsp;&nbsp;&nbsp;&nbsp;&nbsp;&nbsp;&nbsp; Comisi\u00f3n:<\/p>\n","protected":false},"author":1,"featured_media":0,"parent":0,"menu_order":0,"comment_status":"closed","ping_status":"closed","template":"","meta":{"_monsterinsights_skip_tracking":false,"_monsterinsights_sitenote_active":false,"_monsterinsights_sitenote_note":"","_monsterinsights_sitenote_category":0,"_themeisle_gutenberg_block_has_review":false,"footnotes":""},"class_list":["post-528","page","type-page","status-publish","hentry"],"aioseo_notices":[],"_links":{"self":[{"href":"https:\/\/catedra.ing.unlp.edu.ar\/medidas\/wp-json\/wp\/v2\/pages\/528","targetHints":{"allow":["GET"]}}],"collection":[{"href":"https:\/\/catedra.ing.unlp.edu.ar\/medidas\/wp-json\/wp\/v2\/pages"}],"about":[{"href":"https:\/\/catedra.ing.unlp.edu.ar\/medidas\/wp-json\/wp\/v2\/types\/page"}],"author":[{"embeddable":true,"href":"https:\/\/catedra.ing.unlp.edu.ar\/medidas\/wp-json\/wp\/v2\/users\/1"}],"replies":[{"embeddable":true,"href":"https:\/\/catedra.ing.unlp.edu.ar\/medidas\/wp-json\/wp\/v2\/comments?post=528"}],"version-history":[{"count":11,"href":"https:\/\/catedra.ing.unlp.edu.ar\/medidas\/wp-json\/wp\/v2\/pages\/528\/revisions"}],"predecessor-version":[{"id":1725,"href":"https:\/\/catedra.ing.unlp.edu.ar\/medidas\/wp-json\/wp\/v2\/pages\/528\/revisions\/1725"}],"wp:attachment":[{"href":"https:\/\/catedra.ing.unlp.edu.ar\/medidas\/wp-json\/wp\/v2\/media?parent=528"}],"curies":[{"name":"wp","href":"https:\/\/api.w.org\/{rel}","templated":true}]}}